{"id":1130,"date":"2022-08-19T17:20:24","date_gmt":"2022-08-19T15:20:24","guid":{"rendered":"https:\/\/dialog-group.eu\/?page_id=1130"},"modified":"2025-06-04T08:19:05","modified_gmt":"2025-06-04T06:19:05","slug":"obrazac-osd-ispiti","status":"publish","type":"page","link":"https:\/\/dialog-group.eu\/english\/hrv\/obrazac-osd-ispiti\/","title":{"rendered":"Obrazac \u00d6SD ispiti"},"content":{"rendered":"<p>[et_pb_section fb_built=&#8221;1&#8243; _builder_version=&#8221;4.18.0&#8243; _module_preset=&#8221;default&#8221; custom_padding=&#8221;||142px|||&#8221; global_colors_info=&#8221;{}&#8221;][et_pb_row _builder_version=&#8221;4.18.0&#8243; _module_preset=&#8221;default&#8221; animation_style=&#8221;slide&#8221; animation_direction=&#8221;left&#8221; global_colors_info=&#8221;{}&#8221;][et_pb_column type=&#8221;4_4&#8243; _builder_version=&#8221;4.16&#8243; _module_preset=&#8221;default&#8221; global_colors_info=&#8221;{}&#8221;][et_pb_text _builder_version=&#8221;4.18.0&#8243; _module_preset=&#8221;b3e3ff14-5f5c-4608-8ecf-1885ce3da7aa&#8221; header_font=&#8221;Poppins|700|||||||&#8221; header_text_align=&#8221;left&#8221; header_text_color=&#8221;#333333&#8243; header_font_size=&#8221;49px&#8221; custom_margin=&#8221;||12px||false|false&#8221; header_font_size_tablet=&#8221;56px&#8221; header_font_size_phone=&#8221;32px&#8221; header_font_size_last_edited=&#8221;on|phone&#8221; global_colors_info=&#8221;{}&#8221;]<\/p>\n<h1><strong>\u00d6SD ispiti &#8211; PRIJAVA<br \/><\/strong><\/h1>\n<p>[\/et_pb_text][et_pb_divider divider_weight=&#8221;8px&#8221; _builder_version=&#8221;4.17.6&#8243; _module_preset=&#8221;default&#8221; width=&#8221;24%&#8221; global_colors_info=&#8221;{}&#8221;][\/et_pb_divider][\/et_pb_column][\/et_pb_row][et_pb_row _builder_version=&#8221;4.18.0&#8243; _module_preset=&#8221;default&#8221; custom_margin=&#8221;50px|auto||auto||&#8221; animation_style=&#8221;fade&#8221; global_colors_info=&#8221;{}&#8221;][et_pb_column type=&#8221;4_4&#8243; _builder_version=&#8221;4.18.0&#8243; _module_preset=&#8221;default&#8221; global_colors_info=&#8221;{}&#8221;][et_pb_text _builder_version=&#8221;4.25.1&#8243; _module_preset=&#8221;default&#8221; text_text_color=&#8221;#333333&#8243; text_font_size=&#8221;23px&#8221; background_enable_color=&#8221;off&#8221; custom_padding=&#8221;17px|25px||25px|false|true&#8221; text_font_size_tablet=&#8221;23px&#8221; text_font_size_phone=&#8221;17px&#8221; text_font_size_last_edited=&#8221;on|phone&#8221; border_radii=&#8221;on|28px|28px|28px|28px&#8221; border_width_all=&#8221;4px&#8221; border_color_all=&#8221;#8E4C7E&#8221; global_colors_info=&#8221;{}&#8221;]<\/p>\n<div class=\"et_pb_module et_pb_text et_pb_text_1  et_pb_text_align_center et_pb_bg_layout_light\">\n<div class=\"et_pb_text_inner\">\n<p style=\"text-align: left;\">EUDIALOG je licencirani ispitni centar za stjecanje me\u0111unarodno priznatog certifikata o poznavanju njema\u010dkog jezika \u00d6SD. \u00d6SD je me\u0111unarodno priznat ispitni sustav za njema\u010dki jezik kao strani i drugi jezik. Za prijavu na \u00d6SD ispit ispunite podatke u nastavku.<\/p>\n<p style=\"text-align: left;\">Pro\u010ditajte <a href=\"https:\/\/dialog-group.eu\/terms-and-conditions\/\"><span style=\"color: #993366;\"><em>Uvjete poslovanja<\/em><\/span><\/a><\/p>\n<p><span>\u00a0<\/span><\/p>\n<\/div>\n<\/div>\n<p>[\/et_pb_text][et_pb_text _builder_version=&#8221;4.20.4&#8243; _module_preset=&#8221;default&#8221; text_text_color=&#8221;#333333&#8243; text_font_size=&#8221;23px&#8221; background_enable_color=&#8221;off&#8221; custom_padding=&#8221;17px|25px||25px|false|true&#8221; text_font_size_tablet=&#8221;23px&#8221; text_font_size_phone=&#8221;17px&#8221; text_font_size_last_edited=&#8221;on|phone&#8221; border_radii=&#8221;on|28px|28px|28px|28px&#8221; border_width_all=&#8221;4px&#8221; border_color_all=&#8221;#8E4C7E&#8221; global_colors_info=&#8221;{}&#8221;]<\/p>\n<div class=\"et_pb_module et_pb_text et_pb_text_1  et_pb_text_align_center et_pb_bg_layout_light\">\n<div class=\"et_pb_text_inner\">\n<p style=\"text-align: left;\">Vrijeme \u010dekanja rezultata na ispitima u <strong>Osijeku <\/strong>i <strong>Steyru<\/strong> je 7 dana. Vrijeme \u010dekanja rezultata na ispitima u <strong style=\"font-size: 23px;\">Banja Luci<\/strong><span style=\"font-size: 23px;\">, <b>Br\u010dkom<\/b><\/span><span style=\"font-size: 23px;\">\u00a0i <\/span><strong style=\"font-size: 23px;\">Doboju<\/strong><span style=\"font-size: 23px;\"> je 4 do 6 tjedana.<\/span><\/p>\n<p style=\"text-align: left;\"><span style=\"font-size: 23px; text-align: center;\">\u00a0<\/span><\/p>\n<\/div>\n<\/div>\n<p>[\/et_pb_text][\/et_pb_column][\/et_pb_row][et_pb_row _builder_version=&#8221;4.18.0&#8243; _module_preset=&#8221;default&#8221; global_colors_info=&#8221;{}&#8221;][et_pb_column type=&#8221;4_4&#8243; _builder_version=&#8221;4.18.0&#8243; _module_preset=&#8221;default&#8221; global_colors_info=&#8221;{}&#8221;][ba_cf7_styler use_form_header=&#8221;on&#8221; form_header_title=&#8221;PRIJAVNI OBRAZAC&#8221; form_header_bg=&#8221;RGBA(255,255,255,0)&#8221; form_header_padding=&#8221;23px|42px|0px|42px|false|true&#8221; form_bg=&#8221;RGBA(255,255,255,0)&#8221; form_padding=&#8221;43px|42px|43px|42px|true|true&#8221; form_id=&#8221;3559&#8243; form_field_height=&#8221;50px&#8221; form_field_padding=&#8221;3px|15px|3px|15px|true|false&#8221; form_field_active_color=&#8221;#6D2468&#8243; cr_custom_styles=&#8221;on&#8221; cr_background_color=&#8221;RGBA(255,255,255,0)&#8221; cr_selected_color=&#8221;#6D2468&#8243; cr_border_color=&#8221;RGBA(255,255,255,0)&#8221; cr_border_size=&#8221;4px&#8221; cr_label_color=&#8221;#333333&#8243; cf7_message_color=&#8221;#f20000&#8243; cf7_message_bg_color=&#8221;RGBA(255,255,255,0)&#8221; cf7_border_highlight_color=&#8221;#333333&#8243; cf7_success_message_color=&#8221;#333333&#8243; cf7_success_message_bg_color=&#8221;RGBA(255,255,255,0)&#8221; cf7_success_border_color=&#8221;#333333&#8243; cf7_error_message_color=&#8221;#f20000&#8243; cf7_error_message_bg_color=&#8221;RGBA(255,255,255,0)&#8221; cf7_error_border_color=&#8221;#f20000&#8243; _builder_version=&#8221;4.24.2&#8243; _module_preset=&#8221;default&#8221; form_field_font_font=&#8221;||||||||&#8221; form_field_font_text_align=&#8221;left&#8221; form_field_font_text_color=&#8221;#6D2468&#8243; form_field_font_line_height=&#8221;2.5em&#8221; labels_text_color=&#8221;#333333&#8243; placeholder_text_color=&#8221;#333333&#8243; title_text_color=&#8221;#6D2468&#8243; title_font_size=&#8221;50px&#8221; text_font=&#8221;Poppins||||||||&#8221; text_text_color=&#8221;#333333&#8243; text_font_size=&#8221;1px&#8221; background_enable_color=&#8221;off&#8221; background_enable_pattern_style=&#8221;on&#8221; background_pattern_style=&#8221;honeycomb&#8221; background_pattern_color=&#8221;rgba(51,51,51,0.01)&#8221; module_alignment=&#8221;left&#8221; animation_style=&#8221;slide&#8221; animation_direction=&#8221;left&#8221; border_radii=&#8221;on|24px|24px|24px|24px&#8221; border_color_all=&#8221;#8E4C7E&#8221; border_style_all=&#8221;groove&#8221; border_radii_field=&#8221;on|11px|11px|11px|11px&#8221; border_width_all_field=&#8221;0px&#8221; border_color_all_field=&#8221;#333333&#8243; box_shadow_style=&#8221;preset1&#8243; global_colors_info=&#8221;{}&#8221;][\/ba_cf7_styler][\/et_pb_column][\/et_pb_row][\/et_pb_section][et_pb_section fb_built=&#8221;1&#8243; _builder_version=&#8221;4.18.0&#8243; _module_preset=&#8221;default&#8221; custom_padding=&#8221;0px|||||&#8221; global_colors_info=&#8221;{}&#8221;][et_pb_row _builder_version=&#8221;4.18.0&#8243; _module_preset=&#8221;default&#8221; global_colors_info=&#8221;{}&#8221;][et_pb_column type=&#8221;4_4&#8243; _builder_version=&#8221;4.18.0&#8243; _module_preset=&#8221;default&#8221; global_colors_info=&#8221;{}&#8221;][et_pb_text _builder_version=&#8221;4.18.0&#8243; _module_preset=&#8221;default&#8221; header_font=&#8221;|700|||||||&#8221; header_text_align=&#8221;center&#8221; header_font_size=&#8221;43px&#8221; global_colors_info=&#8221;{}&#8221;]<\/p>\n<h1 style=\"text-align: left;\">Naj\u010de\u0161\u0107a pitanja<\/h1>\n<p>[\/et_pb_text][et_pb_divider divider_weight=&#8221;5px&#8221; _builder_version=&#8221;4.18.0&#8243; _module_preset=&#8221;default&#8221; width=&#8221;9%&#8221; global_colors_info=&#8221;{}&#8221;][\/et_pb_divider][et_pb_accordion closed_toggle_text_color=&#8221;#8E4C7E&#8221; icon_color=&#8221;#6D2468&#8243; _builder_version=&#8221;4.18.0&#8243; _module_preset=&#8221;default&#8221; toggle_text_color=&#8221;#6D2468&#8243; toggle_level=&#8221;h3&#8243; toggle_font=&#8221;|700|||||||&#8221; animation_style=&#8221;zoom&#8221; border_radii=&#8221;on|14px|14px|14px|14px&#8221; box_shadow_style=&#8221;preset3&#8243; global_colors_info=&#8221;{}&#8221;][et_pb_accordion_item title=&#8221;Jesu li Va\u0161e diplome va\u017ee\u0107e u ambasadi?&#8221; open=&#8221;on&#8221; _builder_version=&#8221;4.18.0&#8243; _module_preset=&#8221;default&#8221; global_colors_info=&#8221;{}&#8221;]<\/p>\n<p>Naravno, na\u0161e diplome va\u017ee\u0107e su u ambasadama. Mi smo licencirani partneri \u00d6SD (\u00d6sterreich Schweiz Deutschland) ispitnog centra iz Austrije i mo\u017eete nas prona\u0107i na njihovoj slu\u017ebenoj stranici. Rije\u010d je o certifikatima koji su priznati ne samo na teritoriju Njema\u010dke, Austrije i \u0160vicarske, ve\u0107 i na teritoriju mnogih drugih dr\u017eava svijeta, a tretiraju se i kao sredstvo osiguranja znanja njema\u010dkog jezika u zemljama ovog govornog podru\u010dja.<\/p>\n<p>[\/et_pb_accordion_item][et_pb_accordion_item title=&#8221;Imaju li diplome rok trajanja?&#8221; _builder_version=&#8221;4.18.0&#8243; _module_preset=&#8221;default&#8221; global_colors_info=&#8221;{}&#8221;]<\/p>\n<p>Diplome nemaju rok trajanja, vrijede do\u017eivotno. Me\u0111utim, ambasade zahtijevaju da dokumenti ne budu stariji od odre\u0111enog vremenskog razdoblja (\u0161est mjeseci ili godinu dana). Diplome koje su starije od \u0161est mjeseci ili godinu dana ne mogu se produ\u017eavati, ispit se mora ponovo polagati.<\/p>\n<p>[\/et_pb_accordion_item][et_pb_accordion_item title=&#8221;Koliko se dugo \u010deka na certifikat?&#8221; _builder_version=&#8221;4.18.0&#8243; _module_preset=&#8221;default&#8221; global_colors_info=&#8221;{}&#8221;]<\/p>\n<p>Svi kandidati po uspje\u0161no zavr\u0161enom \u00d6SD ispitu dobivaju me\u0111unarodno priznat certifikat koji se u pravilu \u010deka 4-7 tjedana od datuma polaganja ispita.<\/p>\n<p>[\/et_pb_accordion_item][et_pb_accordion_item title=&#8221;Jesu li certifikati na njema\u010dkom jeziku ili se moraju prevoditi?&#8221; _builder_version=&#8221;4.18.0&#8243; _module_preset=&#8221;default&#8221; global_colors_info=&#8221;{}&#8221;]<\/p>\n<p>Certifikati se tiskaju u Austriji i na njema\u010dkom su jeziku.<\/p>\n<p>[\/et_pb_accordion_item][et_pb_accordion_item title=&#8221;Kako izgleda \u00d6SD ispit?&#8221; _builder_version=&#8221;4.18.0&#8243; _module_preset=&#8221;default&#8221; global_colors_info=&#8221;{}&#8221;]<\/p>\n<p>Ispit se sastoji od \u010detiri vje\u0161tine: \u010ditanje i razumijevanje pro\u010ditanog, slu\u0161anje i razumijevanje odslu\u0161anog, pisanje i vje\u0161tine konverzacije.<\/p>\n<p>[\/et_pb_accordion_item][\/et_pb_accordion][\/et_pb_column][\/et_pb_row][\/et_pb_section]<\/p>\n","protected":false},"excerpt":{"rendered":"<p>\u00d6SD ispiti &#8211; PRIJAVA EUDIALOG je licencirani ispitni centar za stjecanje me\u0111unarodno priznatog certifikata o poznavanju njema\u010dkog jezika \u00d6SD. \u00d6SD je me\u0111unarodno priznat ispitni sustav za njema\u010dki jezik kao strani i drugi jezik. Za prijavu na \u00d6SD ispit ispunite podatke u nastavku. Pro\u010ditajte Uvjete poslovanja \u00a0 Vrijeme \u010dekanja rezultata na ispitima u Osijeku i Steyru [&hellip;]<\/p>\n","protected":false},"author":2,"featured_media":0,"parent":20,"menu_order":20,"comment_status":"closed","ping_status":"closed","template":"","meta":{"_et_pb_use_builder":"on","_et_pb_old_content":"","_et_gb_content_width":"","footnotes":""},"categories":[],"tags":[],"class_list":["post-1130","page","type-page","status-publish","hentry"],"_links":{"self":[{"href":"https:\/\/dialog-group.eu\/english\/wp-json\/wp\/v2\/pages\/1130","targetHints":{"allow":["GET"]}}],"collection":[{"href":"https:\/\/dialog-group.eu\/english\/wp-json\/wp\/v2\/pages"}],"about":[{"href":"https:\/\/dialog-group.eu\/english\/wp-json\/wp\/v2\/types\/page"}],"author":[{"embeddable":true,"href":"https:\/\/dialog-group.eu\/english\/wp-json\/wp\/v2\/users\/2"}],"replies":[{"embeddable":true,"href":"https:\/\/dialog-group.eu\/english\/wp-json\/wp\/v2\/comments?post=1130"}],"version-history":[{"count":78,"href":"https:\/\/dialog-group.eu\/english\/wp-json\/wp\/v2\/pages\/1130\/revisions"}],"predecessor-version":[{"id":5791,"href":"https:\/\/dialog-group.eu\/english\/wp-json\/wp\/v2\/pages\/1130\/revisions\/5791"}],"up":[{"embeddable":true,"href":"https:\/\/dialog-group.eu\/english\/wp-json\/wp\/v2\/pages\/20"}],"wp:attachment":[{"href":"https:\/\/dialog-group.eu\/english\/wp-json\/wp\/v2\/media?parent=1130"}],"wp:term":[{"taxonomy":"category","embeddable":true,"href":"https:\/\/dialog-group.eu\/english\/wp-json\/wp\/v2\/categories?post=1130"},{"taxonomy":"post_tag","embeddable":true,"href":"https:\/\/dialog-group.eu\/english\/wp-json\/wp\/v2\/tags?post=1130"}],"curies":[{"name":"wp","href":"https:\/\/api.w.org\/{rel}","templated":true}]}}